u - 2*u. Let m(c) = -3 + 6*c + 1 + 2 - 1. Determine m(a).
5
Let l(r) = -r + 8. Let x be l(4). Suppose x*w + 146 = -238. Let b be ((-2)/(-4))/(8/w). Let s(z) = -z**3 - 7*z**2 - 8*z - 6. Determine s(b).
6
Let j be -2 + 2 + 0 + 4. Let m(w) = -1 + 4*w + 4*w - w**3 + 3*w**2 - j*w. Determine m(4).
-1
Suppose 2*o - 4*o + 4 = 0. Let s be (1 - 2)*(-6)/o. Let a(v) = -5*v + v**2 + 4*v - 4*v + 4. Calculate a(s).
-2
Let o be 96/42 - (-6)/(-21). Suppose 5*a - 15 = 3*k, -5*k - 16 = o*a - 53. Let u(r) = r**2 - 4*r + 2. What is u(a)?
14
Let u(w) = -w**3 - 6*w**2 - 5*w + 3. Let b be (2 - 5)*(-2)/(-3). Let n be (b/4)/((-3)/(-6)). Let j be ((-2)/(-4))/(n/10). What is u(j)?
3
Let r(m) = -5*m**2 - 17*m - 12. Let v(d) = -d**2 - 4*d - 3. Let s(c) = -2*r(c) + 9*v(c). Suppose -5*z = 23 - 13. Give s(z).
5
Let a(h) = h + 9. Let z be 3/2 + (-6)/(-12). Let k = 15 + -5. Suppose 0*c = z*c + k. Determine a(c).
4
Let n = 3 - 1. Suppose -n*i - 3*u = -1, -3*u - 16 = -3*i + 8. Suppose -j = -l + i*l + 5, j = -5. Let b(y) = y**2 + y + 8. Calculate b(l).
8
Suppose 0*x = -4*x - 56. Let p = x + 17. Let v(u) = -3 - u**2 - 3*u + 3*u**3 - 4*u**3 + 2*u**3. What is v(p)?
6
Let v(t) = -4*t + 1. Let h be 9 - 7 - (1 + 0). Give v(h).
-3
Let q(w) be the first derivative of w**3/3 - 13*w**2/2 + 15*w - 66. Give q(12).
3
Let h(a) be the first derivative of a**4/4 - a**3/3 + a**2/2 - 39. Calculate h(1).
1
Let o = 0 + 2. Let b(i) be the first derivative of 2 - i - 1/2*i**o. Give b(3).
-4
Let j(s) be the first derivative of -s - 5 - 2 + 5*s**4 - s**4. Determine j(1).
15
Let c(x) = -25*x - x**3 + 11*x + 6*x**2 - 4 + 19*x. Give c(7).
-18
Let m(n) = 3*n - n + 2*n - 3*n - n**3. Determine m(2).
-6
Let l(h) = -3*h + 3 - 2*h + 8*h + 1. Give l(-6).
-14
Let z(h) be the third derivative of h**6/360 - h**5/20 + h**4/24 - h**3/2 - 3*h**2. Let w(m) be the first derivative of z(m). Let x = -5 - -8. What is w(x)?
-8
Let g(v) = v**2 + 7*v + 7. Let q be g(-3). Let y(d) = d**2 + 6*d - 4. Give y(q).
-9
Suppose -4 + 1 = n. Let s = 5 + n. Suppose -2 = -v + s. Let a(x) = -x**3 + 5*x**2 - 3*x + 1. Give a(v).
5
Let a(i) = -2*i**2 + 4*i - 4. Suppose 2*g = 1 + 3. Suppose -k - 2*k = -5*n + 12, -g*n = 2*k - 8. What is a(n)?
-10
Suppose -16 = f - 5*f. Let r(j) = -2*j + 4. Let q(v) = 3*v - 6. Let h(n) = -n**3 - 9*n**2 - 8*n - 7. Let p be h(-8). Let s(w) = p*r(w) - 5*q(w). Give s(f).
-2
Let y(f) = -3*f - 14. Let c(u) = 5*u + 27. Let k(g) = -4*c(g) - 7*y(g). Determine k(0).
-10
Let f(q) be the first derivative of -3*q**2/2 - 5*q - 4. Suppose -3*s - 14 = -m, 7 - 37 = 5*s - 5*m. What is f(s)?
7
Let i(m) = -m**2 - m + 1. Let g(q) = -4*q**2 - 2*q + 3. Let u(w) = -g(w) + 3*i(w). Let a(x) = -x**2 + 7*x - 2. Let f(r) = -a(r) - 2*u(r). What is f(-6)?
-4
Let z be (-6)/8 - (-9)/12. Let d = -5 - z. Let r(h) = h**3 + 6*h**2 + 5*h + 2. Give r(d).
2
Let s(g) = 5 + g**2 - 12*g**2 - 3 - 1. Determine s(-1).
-10
Let w(v) = -5*v + 1. Let g be 2/(-1)*(-2)/(-4). Determine w(g).
6
Let v(i) = -2 + i - i**2 - 5*i + 0*i + 0*i**2. Let k be v(-2). Let t(d) = 2*d**2 - d**2 - 2*d - 2 + 5*d - d**3. What is t(k)?
0
Let n(v) = -6*v + 23. Let q be n(4). Let u(g) = -6*g**3 - 1. What is u(q)?
5
Let t(o) be the third derivative of -o**6/120 - o**5/15 - o**4/24 + 2*o**3/3 + 14*o**2. Let m be ((-12)/20)/((-3)/(-15)). Determine t(m).
-2
Let z(h) = -h**2 - 2*h + 2. Let i = -9 + 5. Let f be z(i). Let o(v) = -v - 3. What is o(f)?
3
Let k(u) = -5 - 4 + 4 + 2*u**2 + 4. What is k(-1)?
1
Suppose 8 = -2*n, 2*n - 4*n = -2*k + 14. Let m(y) = -1 + 5*y - y + 0*y - k*y. Determine m(6).
5
Let s(z) = 16*z**2 - 14*z - 6. Let n(f) = 3*f**2 - 3*f - 1. Let l(q) = -11*n(q) + 2*s(q). Suppose -14 = -2*j + g, -3*j + 2*g + 2*g = -26. What is l(j)?
-7
Suppose 4 = -5*f + 9. Let a be (-3 + f)*(3 - 5). Let d(v) = -2*v - 1 - 3*v + 4*v. What is d(a)?
-5
Let x(z) = z + 1. Let b be x(4). Suppose 0*w - 5*w = -4*d - 15, 0 = 3*d + b*w + 20. Let n(r) = -r**2 - 5*r + 1. Determine n(d).
1
Suppose -58*m - 35 = -53*m. Let p(q) = 2*q + 1. Let c be p(5). Let g = c + m. Let o(y) = y**3 - 5*y**2 + 2*y + 2. Calculate o(g).
-6
Let o(l) = -11*l - 4 + 0*l**2 - l**3 + 12*l + 3*l**2. Suppose -4*a - 36 = -a. Let q be (-18)/4*8/a. Give o(q).
-1
Suppose a + 2 = 10. Let d(g) = -g + 11. Determine d(a).
3
Let a be 6 - 3*2/6. Let t(k) = 3*k**2 + 19*k - 13. Let q(c) be the first derivative of c**3/3 + 9*c**2/2 - 6*c + 2. Let y(g) = -5*q(g) + 2*t(g). What is y(a)?
-6
Suppose 2*z = -2*z - 2*s + 16, 3*z - 5*s = -14. Suppose j + 2 = z*j. Let n(a) = a**3 - 2*a**2 - 2*a + 3. Determine n(j).
-1
Let f(v) = -v + 8. Let j be f(6). Suppose -j = -t - 0. Let d = 0 - t. Let l(k) = -4*k - 1. What is l(d)?
7
Let f(b) = b**2 - 11*b + 10. Suppose -5*y = -3*x + 35, -2*x + 25 = x + 5*y. Let t be f(x). Let h(u) = -u - 3 + 2 + t. Calculate h(-1).
0
Let w(y) = 6*y + 15. Let a be w(-3). Let j(r) = 3*r + 4. Give j(a).
-5
Let m(v) = -v**3 + 4*v + 3. Let h(w) = w**2 - w. Let t be h(-2). Suppose 4*o = -t - 2. Give m(o).
3
Let s(w) = w**3 + 4*w**2. Let t be s(-4). Let p(n) = -4*n + 6 + t*n - 14 + 5*n**2. Let k(j) = 4*j**2 - 4*j - 7. Let b(f) = -4*k(f) + 3*p(f). Give b(5).
-1
Suppose -3 = -3*j, j - 1 = -4*u + 4. Let q(b) = 3 - 4*b + u + 6*b - b**2. Suppose m = a - 6 - 3, a + 11 = -3*m. What is q(a)?
-4
Let r(i) be the third derivative of i**5/60 - i**4/12 - i**3/6 + i**2. Suppose -2*j + 6*j - 24 = 0. Let d be ((-9)/j)/(6/(-16)). Calculate r(d).
7
Let p(h) be the second derivative of 2*h + 3/2*h**2 - 5/12*h**4 + 0*h**3 + 0 - 1/20*h**5. Suppose 3*r + 0 = -4*b - 23, 5*r - b + 23 = 0. What is p(r)?
3
Suppose 3*b + 4 = b, -12 = 4*q + 2*b. Let j(g) = -14 - g**2 + 3 + g + 10 - 2*g. What is j(q)?
-3
Let m(x) = x + 6. Let t be m(-9). Let z(l) = l. Determine z(t).
-3
Let q = -36 + 31. Let n(u) = u + 6. Give n(q).
1
Let f(i) = i**3 - i**2 + 2. Suppose -4*x + 3*x = 2. Calculate f(x).
-10
Let a(i) be the third derivative of i**9/60480 - i**8/3360 + i**7/720 - i**6/120 - i**5/15 + i**2. Let w(b) be the third derivative of a(b). Give w(5).
4
Let j(n) be the second derivative of -2*n**3/3 + 3*n**2/2 - 5*n. What is j(3)?
-9
Let v(q) = -q**2 + 2*q - 1. Let u(r) = -r**2 + 4*r. Let l be u(4). Suppose -f + 4*f - 12 = 0. Let x = f + l. Give v(x).
-9
Let d be (-9)/27 - 13/(-3). Suppose -3 = d*c - 15. Let l(p) = 3*p + c*p**3 - 2*p**3 - 3*p**2 - 3 + 3. Give l(3).
9
Suppose 5*q - 5 + 0 = 0. Let g = q + 0. Let c(r) be the second derivative of -r**5/20 - r**3/6 + r**2/2 - 52*r. Determine c(g).
-1
Let h(a) = -a + 3. Suppose x + j - 11 = 0, -3 + 34 = 5*x - 3*j. Suppose 0 = u + 3*u - x. Suppose -3*g + u*g = -5. Give h(g).
-2
Let c(g) = -26 + g + 5 + 9. Determine c(0).
-12
Let h(u) = -u**3 + 3*u**2 - u. Let i(c) = 3*c**3 - 7*c**2 + 2*c - 1. Let o(g) = -5*h(g) - 2*i(g). Determine o(0).
2
Let x(j) = -j**2 - j + 4. Let v be x(0). Let s(b) = -b**3 + 4*b**2 - 3*b + 5. What is s(v)?
-7
Let d(r) = 18 - 2*r + 0*r - 12. Let l(f) = f**2 - 3. Let m be l(-3). Determine d(m).
-6
Let q(a) = -a - 2. Let z(x) = -x - 21. Let b be z(-18). Calculate q(b).
1
Let g(f) = f - 6. Let d be g(4). Let c(l) = -2 + 3 + 0 + l. Calculate c(d).
-1
Let p(u) = -2*u + 2. Let r(o) = 2 + 10 - 1 + 0 - 11*o. Let f(s) = -34*p(s) + 6*r(s). Determine f(-3).
-8
Let w = -6 + 9. Let n(f) = -7*f**3 - 2*f**2 + 2*f + 6. Let a(v) = -8*v**3 - 3*v**2 + 3*v + 7. Let q(l) = 6*a(l) - 7*n(l). Determine q(w).
3
Let l(v) = -12*v + 7 - 10 - 3 - 6*v**2 + 4*v**3. Let c(s) = s**3 - s. Let m(p) = -5*c(p) + l(p). What is m(-5)?
4
Let n be (-24)/(-3) + -4 + 2. Let c(x) = x**2 - 12*x + 9. Let w(i) = i. Let g(k) = c(k) + 6*w(k). What is g(n)?
9
Let q(i) = i - 8. Let v = -20 - -7. Let z = 20 + v. Give q(z).
-1
Let b(i) = -63*i**2 + 5 + 5 + 62*i**2. Determine b(0).
10
Let y(q) = -q**2 + q - 3. Let c be 3/2 + (-36)/(-24). What is y(c)?
-9
Suppose 0 = 4*b - 16 + 12. Let s(j) = 13*j**2 + j - 1. Determine s(b).
13
Let y(q) be the third derivative of -1/8*q**4 + 0 - 1/3*q**3 + 0*q + 2*q**2. Suppose 5*i - i = 8. Calculate y(i).
-8
Let f(s) = s - 1. Let n(b) = 5*b + 3. Let w(c) = -6*f(c) + n(c). Let y(m) = -2*m**3 - 14*m**2 + m + 13. Let u be y(-7). What is w(u)?
3
Let b(l) = -l**2 - 6*l - 4. Let j be b(-4). Suppose 0 = -j*g + a - 9, 4 = -a + 1. Let d(f) = -f**3 - 4*f**2 - 2*f. What is d(g)?
-3
Suppose 2*y - 4 = 0, 2*l - 12 + 4 = 2*y. Let b(i) = -i**3 + 7*